 - 33*x - 39. Determine y(17).
-22
Let d(j) = -j**2 - 14*j + 12. Calculate d(-13).
25
Let z(l) = -2*l**2 + 7*l - 9. Give z(3).
-6
Let j(v) = 2*v - 45. Give j(0).
-45
Let b(k) = -k + 2. Calculate b(6).
-4
Let k(v) = -30*v**2 - v - 2. Determine k(-1).
-31
Let c(h) = -3*h - 5. What is c(-7)?
16
Let t(s) = s**2 - 3*s - 1. Determine t(4).
3
Let g(t) = t**3 - 5*t**2 - 15*t + 5. Determine g(7).
-2
Let a(t) = -t**3 - 2*t - 44. Determine a(0).
-44
Let r(a) = -a**2 - 17*a - 67. Give r(-9).
5
Let u(v) = 4*v. What is u(-1)?
-4
Let m(d) = -2*d**2 - 20*d - 4. What is m(-10)?
-4
Let w(f) = f - 22. Determine w(15).
-7
Let o(c) = -3*c - 4. Calculate o(-4).
8
Let t(j) = j**3 - 10*j**2 + 2*j - 15. Calculate t(9).
-78
Let f(u) = 2*u**2 - 84*u - 89. What is f(43)?
-3
Let v(z) = -z**3 + 7*z**2 + 17*z + 21. Determine v(10).
-109
Let b(f) = -f**3 - 4*f**2 + f - 9. Calculate b(-4).
-13
Let f(g) = -3*g - 104. What is f(-36)?
4
Let r(i) = -i**3 - 14*i**2 - 14*i - 17. Give r(-13).
-4
Let a(w) = 8*w + 31. Determine a(-5).
-9
Let i(a) = -a**3 - 2*a**2 - 2*a - 7. Calculate i(-3).
8
Let d(a) = a**3 + 31*a**2 - 37*a - 155. Determine d(-32).
5
Let n(m) = -12*m**2 - 74*m - 4. Determine n(-6).
8
Let o(k) = 12*k**3 - k**2 - k. Give o(-1).
-12
Let k(g) = -13*g - 3. Determine k(2).
-29
Let w(s) = 9*s**3 + 3*s**2 - 2*s + 1. Determine w(1).
11
Let y(z) = -4*z**2 - 157*z + 113. What is y(-40)?
-7
Let l(d) = -d**2 - 17*d - 2. Give l(-17).
-2
Let o(v) = 2*v**2 + 11*v - 3. Determine o(-5).
-8
Let f(i) = 5*i + 3. Determine f(0).
3
Let a(c) = c**3 - 10*c**2 - 9*c - 42. Determine a(11).
-20
Let j(y) = -y**3 - 15*y**2 - 14*y - 7. Calculate j(-14).
-7
Let k(l) = -2*l**3 + l**2 + 2*l + 2. What is k(-1)?
3
Let z(j) = j**2 + 11*j + 6. Determine z(-7).
-22
Let m(k) = -k**2 - 7*k. Calculate m(-8).
-8
Let c(x) = -x**3 + 8*x**2 - 8*x + 8. Calculate c(7).
1
Let f(c) = -c**2 + 7*c + 1. What is f(6)?
7
Let h(c) = -c**3 - 22*c**2 - 23*c - 39. Calculate h(-21).
3
Let o(d) = 6*d**3 - 17*d**2 + 16*d + 2. What is o(1)?
7
Let j(o) = -33*o - 196. Determine j(-6).
2
Let z(r) = -11*r - 15. Calculate z(0).
-15
Let c(y) = -y**2 - 11*y + 41. Give c(-14).
-1
Let h(b) = -b**3 + 3*b**2 + 3*b - 24. Calculate h(3).
-15
Let k(g) = -4*g - 4. What is k(-9)?
32
Let x(z) = -z**3 - z**2 + 2*z + 3. Determine x(-2).
3
Let w(p) = p**2 - 9*p + 7. Calculate w(8).
-1
Let t(l) = -6*l - 52. Give t(-11).
14
Let w(c) = c**2 + 18*c + 60. Calculate w(-14).
4
Let r(d) = -d**3 + 2*d - 1. Calculate r(-2).
3
Let g(h) = 33*h - 19. Determine g(1).
14
Let v(a) = 2*a + 14. What is v(-3)?
8
Let j(p) = 3*p + 26. Calculate j(-7).
5
Let r(k) = k - 4. Determine r(7).
3
Let j(i) = 9*i + 89. Determine j(-7).
26
Let i(r) = -18*r**3 - 2*r**2 - r - 2. What is i(-2)?
136
Let s(k) = -k**2 - 10*k + 16. What is s(-7)?
37
Let o(r) = r**3 - 8*r**2 - 9*r + 12. What is o(9)?
12
Let u(g) = -2*g**2 + 13*g + 18. Calculate u(12).
-114
Let n(h) = -3*h**3 - h**2 + h + 3. Determine n(-1).
4
Let y(v) = -v**2 + 4*v - 31. Calculate y(0).
-31
Let o(j) = 6*j + 1. Give o(-4).
-23
Let b(r) = -r**3 + 7*r**2 + r - 20. What is b(6)?
22
Let i(t) = 28*t - 477. Calculate i(17).
-1
Let u(b) = 7*b + 41. Calculate u(-9).
-22
Let b(q) = -q**3 - q**2 + 3*q + 4. Give b(-3).
13
Let t(b) = b**3 - b**2 - b + 14. What is t(0)?
14
Let t(s) = -s**3 + 6*s**2 - s + 1. Calculate t(5).
21
Let d(g) = -9*g**2 + 9*g + 17. What is d(-2)?
-37
Let n(u) = -u**3 - u - 12. Give n(0).
-12
Let f(a) = -10*a**2 - 39*a - 13. Give f(-3).
14
Let v(y) = -3*y - 46. What is v(-15)?
-1
Let o(n) = 3*n + 4. Calculate o(-3).
-5
Let b(d) = 3*d + 3. What is b(1)?
6
Let k(l) = -11*l**2 + 2*l - 1. Calculate k(1).
-10
Let j(m) = 2*m**2 + 6*m + 7. What is j(4)?
63
Let x(h) = 133*h - 537. What is x(4)?
-5
Let s(q) = 6*q + 36. Give s(-7).
-6
Let s(j) = j**2 - 16*j - 144. Give s(23).
17
Let c(l) = -l**3 + 4*l**2 + 10*l - 2. Determine c(6).
-14
Let t(l) = -l**3 + 8*l**2 - 20*l + 14. Give t(4).
-2
Let x(d) = d**2 + 7*d + 1. Give x(-12).
61
Let h(c) = 8*c. What is h(1)?
8
Let n(b) = 11*b**3 - b**2 + b. Give n(2).
86
Let b(n) = n**3 - 12*n**2 - 12*n. Calculate b(13).
13
Let c(g) = -g**3 - 12*g**2 - g - 7. Give c(-12).
5
Let a(i) = i**2 - 29*i + 210. Give a(13).
2
Let i(a) = a**2 + 9*a - 21. What is i(-9)?
-21
Let u(h) = h**3 + 6*h**2 - 5*h + 35. Determine u(-7).
21
Let r(p) = -p**2 - 23*p - 115. What is r(-11)?
17
Let r(c) = 3*c**2 + 46*c + 17. What is r(-15)?
2
Let l(n) = 15*n**3 - 21*n**2 + 21*n. Give l(1).
15
Let u(p) = -3*p - 23. Calculate u(-6).
-5
Let x(p) = -16*p**2 - 30*p - 3. Calculate x(-2).
-7
Let p(o) = 36*o + 332. Give p(-9).
8
Let p(c) = -12*c - 21. Give p(-2).
3
Let d(b) = -b**3 - 6*b**2 + 5*b - 2. Determine d(-6).
-32
Let h(v) = -8*v - 11. Give h(4).
-43
Let p(n) = -n**3 - 6*n**2 + 56*n - 4. Give p(5).
1
Let r(i) = -20*i + 32. Give r(1).
12
Let f(q) = -8*q + 1. Give f(2).
-15
Let c(r) = r**3 - 8*r**2 - 10. Calculate c(7).
-59
Let v(x) = 5*x + 23. What is v(-4)?
3
Let x(n) = 11*n**2 - 2*n - 2. Calculate x(-1).
11
Let t(x) = -x**2 - 18*x + 36. Give t(-19).
17
Let r(a) = 5*a**3 - 3*a**2 + 3*a - 1. What is r(1)?
4
Let d(l) = l**2 - 5*l - 2. What is d(-3)?
22
Let j(k) = -k**2 + 5*k. Calculate j(5).
0
Let m(k) = -5*k - 115. What is m(-22)?
-5
Let i(s) = -16*s**2 + s - 6. Determine i(0).
-6
Let p(o) = -7*o - 9. What is p(5)?
-44
Let d(b) = b**2 + 11*b - 3. Give d(-6).
-33
Let c(o) = -o**3 - 8*o**2 - 2*o - 2. Determine c(-8).
14
Let f(l) = 4*l - 48. Give f(14).
8
Let c(m) = m**3 - 10*m**2 + 17*m + 9. Determine c(5).
-31
Let n(i) = i**2 - 14*i + 3. Give n(16).
35
Let f(g) = -g - 35. What is f(13)?
-48
Let p(x) = x**2 - 22*x - 12. Give p(11).
-133
Let l(a) = a**3 - 19*a**2 + 2*a - 15. Give l(19).
23
Let r(i) = -i + 1. Give r(9).
-8
Let f(o) = 2*o**3 + o**2 + 2*o - 7. Give f(2).
17
Let j(a) = a**3 + a**2 + 3*a - 8. Determine j(0).
-8
Let z(o) = o**2 - 7*o + 3. Calculate z(5).
-7
Let o(w) = -w**3 + 5*w**2 - 6*w + 2. What is o(4)?
-6
Let u(q) = -q**3 + 9*q**2 + q - 2. Determine u(9).
7
Let j(o) = o**3 + 4*o**2 - 7*o - 21. Determine j(-3).
9
Let v(z) = -38*z - 262. Calculate v(-7).
4
Let v(m) = 7*m**2 - 1. Give v(1).
6
Let f(n) = n**2 - 5*n - 12. Calculate f(-2).
2
Let c(m) = -m**3 - 4*m**2 + 2. Determine c(-4).
2
Let b(p) = -p**2 - 23*p + 129. Calculate b(-28).
-11
Let i(o) = -o**3 - 9*o**2 + 9*o - 13. Calculate i(-10).
-3
Let u(n) = -3*n + 1. Calculate u(4).
-11
Let k(l) = 3*l**2 - 50*l + 1. Calculate k(17).
18
Let r(m) = m**2 - m + 8. Calculate r(4).
20
Let q(x) = x**2 - x - 19. Calculate q(-6).
23
Let b(f) = f**3 - 8*f**2 + f + 1. Determine b(8).
9
Let k(g) = -3*g**2 + 6*g + 22. Give k(6).
-50
Let w(g) = -3*g**3 - 2*g**2 + g + 1. Determine w(-2).
15
Let w(l) = l**3 + 8*l**2 + 4*l + 2. Calculate w(-5).
57
Let g(t) = 34*t - 505. Calculate g(15).
5
Let g(f) = -f**3 + 12*f**2. Give g(12).
0
Let a(t) = -t**2 + 18*t + 140. Calculate a(24).
-4
Let x(s) = s**2 + 11*s - 22. Calculate x(-13).
4
Let t(u) = -u**2 - 37*u + 637. What is t(13)?
-13
Let x(v) = 71*v. Determine x(-1).
-71
Let a(i) = -i**3 - 7*i**2 + 3*i - 19. Give a(-8).
21
Let c(g) = -g + 1. Calculate c(-4).
5
Let n(y) = -7*y - 42. Determine n(-6).
0
Let t(i) = 25*i**2 - 2. Calculate t(1).
23
Let g(w) = w**3 - 11*w**2 + 18*w - 1. Determine g(9).
-1
Let s(w) = 8*w - 9. Give s(2).
7
Let g(j) = j**2 - 66*j + 604. What is g(55)?
-1
Let z(m) = -7*m + 209. Calculate z(29).
6
Let z(l) = -10*l + 72. What is z(7)?
2
Let i(f) = -50*f**2 + 5*f + 2. Give i(-1).
-53
Let l(t) = t**2 + 5*t + 3. What is l(-6)?
9
Let a(l) = -2*l + 6. Give a(-2).
10
Let t(v) = v + 4. What is t(8)?
12
Let k(h) = h**3 + 6*h**2 - 4*h + 3. Determine k(-5).
48
Let a(r) = r**3 - 15*r**2 + 13*r - 9. Calculate a(14).
-23
Let k(d) = -2*d**2 - 44*d - 65. Give k(-20).
15
Let x(k) = -k**2 + 9*k - 16. Give x(5).
4
Let c(k) = -9*k**2 - k. Determine c(1).
-10
Let q(k) = k**3 + 31*k**2 + 2*k + 61. Calculate q(-31).
-1
Let r(f) = 3*f**2 + 5*f - 8. What is r(-4)?
20
Let z(c) = 32*c**2 + c + 1. What is z(1)?
34
Let i(u) = 11*u + 5. What is i(0)?
5
Let d(z) = -z**3 - 20*z**2 - 34*z + 44. Determine d(-18).
8
Let u(x) = 4*x**2 + 6*x + 9. Give u(-2).
13
Let w(h) = 21*h**3 + h**2 - 2*h. Calculate w(1).
20
Let p(j) = -2*j**3 - 33*j**2 - 18*j - 27. What is p(-16)?
5
Let t(b) = b**3 + 10*b**2 - 6*b + 5. What is t(-11)?
-50
Let w(x) 